{"id":44,"date":"2020-01-26T09:24:51","date_gmt":"2020-01-26T09:24:51","guid":{"rendered":"http:\/\/tinas-zwergenkiste.de\/?page_id=44"},"modified":"2024-11-16T15:47:31","modified_gmt":"2024-11-16T15:47:31","slug":"start","status":"publish","type":"page","link":"http:\/\/tinas-zwergenkiste.de\/","title":{"rendered":"Home"},"content":{"rendered":"\n<div class=\"wp-block-columns is-layout-flex wp-container-core-columns-is-layout-1 wp-block-columns-is-layout-flex\">\n<div class=\"wp-block-column is-layout-flow wp-block-column-is-layout-flow\" style=\"flex-basis:60%\">\n<h2 class=\"wp-block-heading\">Kindertagespflege in Inzlingen<\/h2>\n<\/div>\n<\/div>\n\n\n\n<p class=\"has-text-color\" style=\"color:#464e55\">Ich bin qualifizierte Tagesmutter und betreue mit viel Freude und Spa\u00df bis zu 5 Kinder im Alter von einem bis drei Jahren in unserem Einfamilienhaus im wundersch\u00f6nen Inzlingen bei L\u00f6rrach, direkt an der schweizer Grenze.<\/p>\n\n\n\n<p class=\"has-text-color\" style=\"color:#464e55\">Die Kindertagespflege ist ein wichtiger und flexibler Baustein zur Entlastung der Eltern und zur besseren Vereinbarkeit von Familie und Beruf. Aufgrund der famili\u00e4ren Betreuung im kleinen Gruppenrahmen ist diese Art der Betreuung gerade f\u00fcr Kinder unter drei Jahren besonders gut geeignet aber auch f\u00fcr \u00e4ltere Kinder, die sich eher im kleinen Kreis wohl f\u00fchlen.<\/p>\n\n\n\n<div class=\"wp-block-columns is-layout-flex wp-container-core-columns-is-layout-2 wp-block-columns-is-layout-flex\">\n<div class=\"wp-block-column is-layout-flow wp-block-column-is-layout-flow\">\n<figure class=\"wp-block-image size-large is-style-default\"><img loading=\"lazy\" decoding=\"async\" width=\"800\" height=\"800\" src=\"http:\/\/tinas-zwergenkiste.de\/wp-content\/uploads\/2020\/11\/IMG_20200420_100750.jpg\" alt=\"\" class=\"wp-image-618\" srcset=\"http:\/\/tinas-zwergenkiste.de\/wp-content\/uploads\/2020\/11\/IMG_20200420_100750.jpg 800w, http:\/\/tinas-zwergenkiste.de\/wp-content\/uploads\/2020\/11\/IMG_20200420_100750-300x300.jpg 300w, http:\/\/tinas-zwergenkiste.de\/wp-content\/uploads\/2020\/11\/IMG_20200420_100750-150x150.jpg 150w, http:\/\/tinas-zwergenkiste.de\/wp-content\/uploads\/2020\/11\/IMG_20200420_100750-768x768.jpg 768w\" sizes=\"auto, (max-width: 800px) 100vw, 800px\" \/><\/figure>\n<\/div>\n\n\n\n<div class=\"wp-block-column is-layout-flow wp-block-column-is-layout-flow\">\n<figure class=\"wp-block-image size-large is-style-default\"><img loading=\"lazy\" decoding=\"async\" width=\"800\" height=\"800\" src=\"http:\/\/tinas-zwergenkiste.de\/wp-content\/uploads\/2020\/11\/IMG_20200803_103249.jpg\" alt=\"\" class=\"wp-image-619\" srcset=\"http:\/\/tinas-zwergenkiste.de\/wp-content\/uploads\/2020\/11\/IMG_20200803_103249.jpg 800w, http:\/\/tinas-zwergenkiste.de\/wp-content\/uploads\/2020\/11\/IMG_20200803_103249-300x300.jpg 300w, http:\/\/tinas-zwergenkiste.de\/wp-content\/uploads\/2020\/11\/IMG_20200803_103249-150x150.jpg 150w, http:\/\/tinas-zwergenkiste.de\/wp-content\/uploads\/2020\/11\/IMG_20200803_103249-768x768.jpg 768w\" sizes=\"auto, (max-width: 800px) 100vw, 800px\" \/><\/figure>\n<\/div>\n\n\n\n<div class=\"wp-block-column is-layout-flow wp-block-column-is-layout-flow\">\n<figure class=\"wp-block-image size-large is-style-default\"><img loading=\"lazy\" decoding=\"async\" width=\"800\" height=\"800\" src=\"http:\/\/tinas-zwergenkiste.de\/wp-content\/uploads\/2020\/11\/IMG_20200708_110842.jpg\" alt=\"\" class=\"wp-image-620\" srcset=\"http:\/\/tinas-zwergenkiste.de\/wp-content\/uploads\/2020\/11\/IMG_20200708_110842.jpg 800w, http:\/\/tinas-zwergenkiste.de\/wp-content\/uploads\/2020\/11\/IMG_20200708_110842-300x300.jpg 300w, http:\/\/tinas-zwergenkiste.de\/wp-content\/uploads\/2020\/11\/IMG_20200708_110842-150x150.jpg 150w, http:\/\/tinas-zwergenkiste.de\/wp-content\/uploads\/2020\/11\/IMG_20200708_110842-768x768.jpg 768w\" sizes=\"auto, (max-width: 800px) 100vw, 800px\" \/><\/figure>\n<\/div>\n<\/div>\n","protected":false},"excerpt":{"rendered":"<p>Kindertagespflege in Inzlingen Ich bin qualifizierte Tagesmutter und betreue mit viel Freude und Spa\u00df bis zu 5 Kinder im Alter von einem bis drei Jahren in unserem Einfamilienhaus im wundersch\u00f6nen Inzlingen bei L\u00f6rrach, direkt an der schweizer Grenze. Die Kindertagespflege ist ein wichtiger und flexibler Baustein zur Entlastung der Eltern und zur besseren Vereinbarkeit von [&hellip;]<\/p>\n","protected":false},"author":1,"featured_media":0,"parent":0,"menu_order":0,"comment_status":"closed","ping_status":"closed","template":"","meta":{"footnotes":""},"class_list":["post-44","page","type-page","status-publish","hentry"],"_links":{"self":[{"href":"http:\/\/tinas-zwergenkiste.de\/index.php?rest_route=\/wp\/v2\/pages\/44","targetHints":{"allow":["GET"]}}],"collection":[{"href":"http:\/\/tinas-zwergenkiste.de\/index.php?rest_route=\/wp\/v2\/pages"}],"about":[{"href":"http:\/\/tinas-zwergenkiste.de\/index.php?rest_route=\/wp\/v2\/types\/page"}],"author":[{"embeddable":true,"href":"http:\/\/tinas-zwergenkiste.de\/index.php?rest_route=\/wp\/v2\/users\/1"}],"replies":[{"embeddable":true,"href":"http:\/\/tinas-zwergenkiste.de\/index.php?rest_route=%2Fwp%2Fv2%2Fcomments&post=44"}],"version-history":[{"count":66,"href":"http:\/\/tinas-zwergenkiste.de\/index.php?rest_route=\/wp\/v2\/pages\/44\/revisions"}],"predecessor-version":[{"id":891,"href":"http:\/\/tinas-zwergenkiste.de\/index.php?rest_route=\/wp\/v2\/pages\/44\/revisions\/891"}],"wp:attachment":[{"href":"http:\/\/tinas-zwergenkiste.de\/index.php?rest_route=%2Fwp%2Fv2%2Fmedia&parent=44"}],"curies":[{"name":"wp","href":"https:\/\/api.w.org\/{rel}","templated":true}]}}

<div class="wp-block-columns is-layout-flex wp-container-core-columns-is-layout-1 wp-block-columns-is-layout-flex">
<div class="wp-block-column is-layout-flow wp-block-column-is-layout-flow" style="flex-basis:60%">
<h2 class="wp-block-heading">Kindertagespflege in Inzlingen</h2>
</div>
</div>



<p class="has-text-color" style="color:#464e55">Ich bin qualifizierte Tagesmutter und betreue mit viel Freude und Spaß bis zu 5 Kinder im Alter von einem bis drei Jahren in unserem Einfamilienhaus im wunderschönen Inzlingen bei Lörrach, direkt an der schweizer Grenze.</p>



<p class="has-text-color" style="color:#464e55">Die Kindertagespflege ist ein wichtiger und flexibler Baustein zur Entlastung der Eltern und zur besseren Vereinbarkeit von Familie und Beruf. Aufgrund der familiären Betreuung im kleinen Gruppenrahmen ist diese Art der Betreuung gerade für Kinder unter drei Jahren besonders gut geeignet aber auch für ältere Kinder, die sich eher im kleinen Kreis wohl fühlen.</p>



<div class="wp-block-columns is-layout-flex wp-container-core-columns-is-layout-2 wp-block-columns-is-layout-flex">
<div class="wp-block-column is-layout-flow wp-block-column-is-layout-flow">
<figure class="wp-block-image size-large is-style-default"><img loading="lazy" decoding="async" width="800" height="800" src="http://tinas-zwergenkiste.de/wp-content/uploads/2020/11/IMG_20200420_100750.jpg" alt="" class="wp-image-618" srcset="http://tinas-zwergenkiste.de/wp-content/uploads/2020/11/IMG_20200420_100750.jpg 800w, http://tinas-zwergenkiste.de/wp-content/uploads/2020/11/IMG_20200420_100750-300x300.jpg 300w, http://tinas-zwergenkiste.de/wp-content/uploads/2020/11/IMG_20200420_100750-150x150.jpg 150w, http://tinas-zwergenkiste.de/wp-content/uploads/2020/11/IMG_20200420_100750-768x768.jpg 768w" sizes="auto, (max-width: 800px) 100vw, 800px" /></figure>
</div>



<div class="wp-block-column is-layout-flow wp-block-column-is-layout-flow">
<figure class="wp-block-image size-large is-style-default"><img loading="lazy" decoding="async" width="800" height="800" src="http://tinas-zwergenkiste.de/wp-content/uploads/2020/11/IMG_20200803_103249.jpg" alt="" class="wp-image-619" srcset="http://tinas-zwergenkiste.de/wp-content/uploads/2020/11/IMG_20200803_103249.jpg 800w, http://tinas-zwergenkiste.de/wp-content/uploads/2020/11/IMG_20200803_103249-300x300.jpg 300w, http://tinas-zwergenkiste.de/wp-content/uploads/2020/11/IMG_20200803_103249-150x150.jpg 150w, http://tinas-zwergenkiste.de/wp-content/uploads/2020/11/IMG_20200803_103249-768x768.jpg 768w" sizes="auto, (max-width: 800px) 100vw, 800px" /></figure>
</div>



<div class="wp-block-column is-layout-flow wp-block-column-is-layout-flow">
<figure class="wp-block-image size-large is-style-default"><img loading="lazy" decoding="async" width="800" height="800" src="http://tinas-zwergenkiste.de/wp-content/uploads/2020/11/IMG_20200708_110842.jpg" alt="" class="wp-image-620" srcset="http://tinas-zwergenkiste.de/wp-content/uploads/2020/11/IMG_20200708_110842.jpg 800w, http://tinas-zwergenkiste.de/wp-content/uploads/2020/11/IMG_20200708_110842-300x300.jpg 300w, http://tinas-zwergenkiste.de/wp-content/uploads/2020/11/IMG_20200708_110842-150x150.jpg 150w, http://tinas-zwergenkiste.de/wp-content/uploads/2020/11/IMG_20200708_110842-768x768.jpg 768w" sizes="auto, (max-width: 800px) 100vw, 800px" /></figure>
</div>
</div>

<p>Kindertagespflege in Inzlingen Ich bin qualifizierte Tagesmutter und betreue mit viel Freude und Spaß bis zu 5 Kinder im Alter von einem bis drei Jahren in unserem Einfamilienhaus im wunderschönen Inzlingen bei Lörrach, direkt an der schweizer Grenze. Die Kindertagespflege ist ein wichtiger und flexibler Baustein zur Entlastung der Eltern und zur besseren Vereinbarkeit von [&hellip;]</p>
