{"id":114,"date":"2020-08-17T19:22:51","date_gmt":"2020-08-17T19:22:51","guid":{"rendered":"http:\/\/tinas-zwergenkiste.de\/?page_id=114"},"modified":"2024-11-16T16:20:11","modified_gmt":"2024-11-16T16:20:11","slug":"ueber-mich","status":"publish","type":"page","link":"http:\/\/tinas-zwergenkiste.de\/?page_id=114","title":{"rendered":"\u00dcber mich"},"content":{"rendered":"\n<div class=\"wp-block-media-text alignwide is-vertically-aligned-center is-stacked-on-mobile\" style=\"grid-template-columns:15% auto\"><figure class=\"wp-block-media-text__media\"><img loading=\"lazy\" decoding=\"async\" width=\"2560\" height=\"2560\" src=\"http:\/\/tinas-zwergenkiste.de\/wp-content\/uploads\/2020\/11\/DSC02878-scaled.jpg\" alt=\"\" class=\"wp-image-607 size-full\" srcset=\"http:\/\/tinas-zwergenkiste.de\/wp-content\/uploads\/2020\/11\/DSC02878-scaled.jpg 2560w, http:\/\/tinas-zwergenkiste.de\/wp-content\/uploads\/2020\/11\/DSC02878-300x300.jpg 300w, http:\/\/tinas-zwergenkiste.de\/wp-content\/uploads\/2020\/11\/DSC02878-150x150.jpg 150w, http:\/\/tinas-zwergenkiste.de\/wp-content\/uploads\/2020\/11\/DSC02878-768x768.jpg 768w, http:\/\/tinas-zwergenkiste.de\/wp-content\/uploads\/2020\/11\/DSC02878-1536x1536.jpg 1536w, http:\/\/tinas-zwergenkiste.de\/wp-content\/uploads\/2020\/11\/DSC02878-2048x2048.jpg 2048w\" sizes=\"auto, (max-width: 2560px) 100vw, 2560px\" \/><\/figure><div class=\"wp-block-media-text__content\">\n<p class=\"has-text-color\" style=\"color:#464e55\">Mein Name ist Tina Glatzel, ich wurde 1972 geboren, seit 2004 bin ich gl\u00fccklich mit meinem Mann Thilo verheiratet und wir haben vier tolle Kinder und seit Dezember 2018 auch ein Enkelkind.<br>Zu unserer Gro\u00dffamilie geh\u00f6ren noch drei Schildkr\u00f6ten und unser Kater Miro.<\/p>\n<\/div><\/div>\n\n\n\n<hr class=\"wp-block-separator has-text-color has-alpha-channel-opacity has-background is-style-default\" style=\"background-color:#87c43c;color:#87c43c\"\/>\n\n\n\n<h2 class=\"wp-block-heading\">Warum ich Tagesmutter geworden bin<\/h2>\n\n\n\n<p class=\"has-text-color\" style=\"color:#464e55\">Die T\u00e4tigkeit als Tagesmutter erm\u00f6glicht es mir f\u00fcr unsere eigenen Kinder und unser erstes Enkelkind da zu sein und gleichzeitig kann ich andere Eltern unterst\u00fctzen und ihnen die M\u00f6glichkeit geben wieder in den Beruf einzusteigen.<br>Ich bin sehr gerne mit Kindern zusammen, bin flexibel und gelassen und verf\u00fcge \u00fcber die n\u00f6tige Erfahrung im Umgang mit Kindern.<\/p>\n\n\n\n<hr class=\"wp-block-separator has-text-color has-alpha-channel-opacity has-background\" style=\"background-color:#87c43c;color:#87c43c\"\/>\n\n\n\n<h2 class=\"wp-block-heading\">Qualifizierung &amp; Fortbildungen<\/h2>\n\n\n\n<p class=\"has-text-color\" style=\"color:#464e55\">Meine Qualifizierung zur Kindertagespflegeperson mit 160 Unterrichtseinheiten habe ich erfolgreich im M\u00e4rz 2020 abgeschlossen. <\/p>\n\n\n\n<p class=\"has-text-color\" style=\"color:#464e55\">Ich nehme an den regelm\u00e4\u00dfigen Treffen von Tagesm\u00fcttern\/-V\u00e4tern teil, dort findet ein reger Austausch an Ideen, Informationen und \u00c4nderungen in der Kindertagespflege statt.<br>Auch mit dem Fachdienst Kindertagespflege und dem Jugendamt L\u00f6rrach stehe ich in regelm\u00e4\u00dfigem Kontakt.<br>Fachliche Fortbildungen besuche ich f\u00fcr mind. 20 UE im Jahr und frische alle zwei Jahre meinen Erste Hilfe Kurs am Kind auf.<\/p>\n","protected":false},"excerpt":{"rendered":"<p>Mein Name ist Tina Glatzel, ich wurde 1972 geboren, seit 2004 bin ich gl\u00fccklich mit meinem Mann Thilo verheiratet und wir haben vier tolle Kinder und seit Dezember 2018 auch ein Enkelkind.Zu unserer Gro\u00dffamilie geh\u00f6ren noch drei Schildkr\u00f6ten und unser Kater Miro. Warum ich Tagesmutter geworden bin Die T\u00e4tigkeit als Tagesmutter erm\u00f6glicht es mir f\u00fcr [&hellip;]<\/p>\n","protected":false},"author":1,"featured_media":0,"parent":0,"menu_order":0,"comment_status":"closed","ping_status":"closed","template":"","meta":{"footnotes":""},"class_list":["post-114","page","type-page","status-publish","hentry"],"_links":{"self":[{"href":"http:\/\/tinas-zwergenkiste.de\/index.php?rest_route=\/wp\/v2\/pages\/114","targetHints":{"allow":["GET"]}}],"collection":[{"href":"http:\/\/tinas-zwergenkiste.de\/index.php?rest_route=\/wp\/v2\/pages"}],"about":[{"href":"http:\/\/tinas-zwergenkiste.de\/index.php?rest_route=\/wp\/v2\/types\/page"}],"author":[{"embeddable":true,"href":"http:\/\/tinas-zwergenkiste.de\/index.php?rest_route=\/wp\/v2\/users\/1"}],"replies":[{"embeddable":true,"href":"http:\/\/tinas-zwergenkiste.de\/index.php?rest_route=%2Fwp%2Fv2%2Fcomments&post=114"}],"version-history":[{"count":22,"href":"http:\/\/tinas-zwergenkiste.de\/index.php?rest_route=\/wp\/v2\/pages\/114\/revisions"}],"predecessor-version":[{"id":883,"href":"http:\/\/tinas-zwergenkiste.de\/index.php?rest_route=\/wp\/v2\/pages\/114\/revisions\/883"}],"wp:attachment":[{"href":"http:\/\/tinas-zwergenkiste.de\/index.php?rest_route=%2Fwp%2Fv2%2Fmedia&parent=114"}],"curies":[{"name":"wp","href":"https:\/\/api.w.org\/{rel}","templated":true}]}}

Über mich

<div class="wp-block-media-text alignwide is-vertically-aligned-center is-stacked-on-mobile" style="grid-template-columns:15% auto"><figure class="wp-block-media-text__media"><img loading="lazy" decoding="async" width="2560" height="2560" src="http://tinas-zwergenkiste.de/wp-content/uploads/2020/11/DSC02878-scaled.jpg" alt="" class="wp-image-607 size-full" srcset="http://tinas-zwergenkiste.de/wp-content/uploads/2020/11/DSC02878-scaled.jpg 2560w, http://tinas-zwergenkiste.de/wp-content/uploads/2020/11/DSC02878-300x300.jpg 300w, http://tinas-zwergenkiste.de/wp-content/uploads/2020/11/DSC02878-150x150.jpg 150w, http://tinas-zwergenkiste.de/wp-content/uploads/2020/11/DSC02878-768x768.jpg 768w, http://tinas-zwergenkiste.de/wp-content/uploads/2020/11/DSC02878-1536x1536.jpg 1536w, http://tinas-zwergenkiste.de/wp-content/uploads/2020/11/DSC02878-2048x2048.jpg 2048w" sizes="auto, (max-width: 2560px) 100vw, 2560px" /></figure><div class="wp-block-media-text__content">
<p class="has-text-color" style="color:#464e55">Mein Name ist Tina Glatzel, ich wurde 1972 geboren, seit 2004 bin ich glücklich mit meinem Mann Thilo verheiratet und wir haben vier tolle Kinder und seit Dezember 2018 auch ein Enkelkind.<br>Zu unserer Großfamilie gehören noch drei Schildkröten und unser Kater Miro.</p>
</div></div>



<hr class="wp-block-separator has-text-color has-alpha-channel-opacity has-background is-style-default" style="background-color:#87c43c;color:#87c43c"/>



<h2 class="wp-block-heading">Warum ich Tagesmutter geworden bin</h2>



<p class="has-text-color" style="color:#464e55">Die Tätigkeit als Tagesmutter ermöglicht es mir für unsere eigenen Kinder und unser erstes Enkelkind da zu sein und gleichzeitig kann ich andere Eltern unterstützen und ihnen die Möglichkeit geben wieder in den Beruf einzusteigen.<br>Ich bin sehr gerne mit Kindern zusammen, bin flexibel und gelassen und verfüge über die nötige Erfahrung im Umgang mit Kindern.</p>



<hr class="wp-block-separator has-text-color has-alpha-channel-opacity has-background" style="background-color:#87c43c;color:#87c43c"/>



<h2 class="wp-block-heading">Qualifizierung &amp; Fortbildungen</h2>



<p class="has-text-color" style="color:#464e55">Meine Qualifizierung zur Kindertagespflegeperson mit 160 Unterrichtseinheiten habe ich erfolgreich im März 2020 abgeschlossen. </p>



<p class="has-text-color" style="color:#464e55">Ich nehme an den regelmäßigen Treffen von Tagesmüttern/-Vätern teil, dort findet ein reger Austausch an Ideen, Informationen und Änderungen in der Kindertagespflege statt.<br>Auch mit dem Fachdienst Kindertagespflege und dem Jugendamt Lörrach stehe ich in regelmäßigem Kontakt.<br>Fachliche Fortbildungen besuche ich für mind. 20 UE im Jahr und frische alle zwei Jahre meinen Erste Hilfe Kurs am Kind auf.</p>

<p>Mein Name ist Tina Glatzel, ich wurde 1972 geboren, seit 2004 bin ich glücklich mit meinem Mann Thilo verheiratet und wir haben vier tolle Kinder und seit Dezember 2018 auch ein Enkelkind.Zu unserer Großfamilie gehören noch drei Schildkröten und unser Kater Miro. Warum ich Tagesmutter geworden bin Die Tätigkeit als Tagesmutter ermöglicht es mir für [&hellip;]</p>
